{"id":147,"date":"2016-09-26T16:25:12","date_gmt":"2016-09-26T16:25:12","guid":{"rendered":"http:\/\/qcexval.uv.es\/?page_id=147"},"modified":"2021-04-19T17:25:21","modified_gmt":"2021-04-19T17:25:21","slug":"2010-2","status":"publish","type":"page","link":"http:\/\/qcexval.uv.es\/?page_id=147","title":{"rendered":"2010"},"content":{"rendered":"<h2>List of QCEXVAL contributions in 2010<\/h2>\n<ul>\n<li><strong>Congress<\/strong>: <em>&#8220;8th european Conference on Computational Chemistry: Satellite meeting to 3rd EuChemMS cChemistry Congress in Nurnberg&#8221;<\/em><br \/>\n25-28 August 2010, Lund, Sweden.<br \/>\n<a href=\"http:\/\/www.chemsoc.se\/sidor\/KK\/8thECCC\/\" target=\"_blank\" rel=\"noopener\">Webpage<\/a><br \/>\n<strong>Participants<\/strong>:<\/p>\n<ul>\n<li>Luis Serrano-Andr\u00e9s, Conference<br \/>\n<strong>Title<\/strong>:&#8221;Photochemistry and Quantum Chemistry: the New Frontiers&#8221;<\/li>\n<li>Angelo Giussani, Israel Gonz\u00e1lez-Ram\u00edrez, Teresa Climent, Manuela Merch\u00e1n and Luis Serrano-Andr\u00e9s, Poster<br \/>\n<strong>Title<\/strong>:&#8221;The photochemistry of DNA: Photoexcited DNA base pair and bipyrimidine lesions&#8221;<\/li>\n<\/ul>\n<\/li>\n<li><strong>Congress<\/strong>: <em>&#8220;10th European Conference on Atoms, Molecules and Photons&#8221;<\/em><br \/>\nPalacio de Congresos de Salamanca, 4th-9th July, 2010<br \/>\n<a href=\"http:\/\/www.ecamp10.com\/index.php?%20option=com_content&amp;view=article&amp;id=71&amp;Itemid=59\/\" target=\"_blank\" rel=\"noopener\">Webpage<\/a><br \/>\n<strong>Participants<\/strong>:<\/p>\n<ul>\n<li>Luis Serrano-Andr\u00e9s, Conference<br \/>\n<strong>Title<\/strong>:&#8221;Photophysics of molecules of biological interest&#8221;<\/li>\n<\/ul>\n<\/li>\n<li><strong>Congress<\/strong>: <em><a href=\"http:\/\/www.espa2010.com\/\" target=\"_blank\" rel=\"noopener\">&#8220;ESPA 2010 Electronic Structure: Principles and Applications&#8221;<\/a><\/em><br \/>\nUniversitad de Oviedo, Oviedo, SPAIN, 29th Juny-2nd July, 2010<br \/>\n<strong>Contributions<\/strong>:<\/p>\n<ul>\n<li><u>I. Gonz\u00e1lez-Ram\u00edrez<\/u>, D. Roca-Sanju\u00e1n, M. Rubio, M. Merch\u00e1n, and L. Serrano-Andr\u00e9s<br \/>\n<strong>Poster<\/strong>: <em>&#8220;Ab Initio Study of Hydrogen Dissociation in Uracil by Low Energy Electrons&#8221;<\/em><\/li>\n<li><u>M. Rubio<\/u>, D. Roca-Sanju\u00e1n, M. Merch\u00e1n, and L. Serrano-Andr\u00e9s<br \/>\n<strong>Poster<\/strong>: <em>&#8220;Ionization Potentials of DNA Nucleotides: a CASPT2 Study&#8221;<\/em><\/li>\n<li><u>A. Giussani<\/u>, D. Roca-Sanju\u00e1n, G. Olaso-Gonz\u00e1lez, J. J. Serrano-P\u00e9rez, M. Merch\u00e1n, and L. Serrano-Andr\u00e9s<br \/>\n<strong>Poster<\/strong>: <em>&#8220;The Photochemistry of DNA: Photoexcited DNA Base Pairs and the Nature of the Excimer-Exciplex States&#8221;<\/em><\/li>\n<li><u>V. Sauri<\/u>, L. Serrano-Andr\u00e9s, S. Vancoille, and K. Pierloot<br \/>\n<strong>Poster<\/strong>: <em>&#8220;Performance of the RASPT2 Method to Compute Excited States&#8221;<\/em><\/li>\n<li><u>J. J. Serrano-P\u00e9rez<\/u>; <em>Together with GEM<sup>2<\/sup> group from University of Barcelona<\/em><br \/>\n<strong>Oral Communication<\/strong>:&#8221;On the structural and electronic properties of AlQ<sub>3<\/sub>&#8220;<\/li>\n<\/ul>\n<\/li>\n<li><strong>Congress<\/strong>: <em>&#8220;II Jornadas de J\u00f3venes Investigadores en F\u00edsica At\u00f3mica y Molecular (II Young Researchers in Atomic and Molecular Physics Meeting)&#8221;<\/em><br \/>\nUniversitat de Barcelona, 21st-22nd January, 2010<br \/>\n<a href=\"http:\/\/www.uv.es\/qcexval\/menu\/www.ecm.ub.es\/j2ifam\/\" target=\"_blank\" rel=\"noopener\">Webpage<\/a><br \/>\n<strong>Participants<\/strong>:<\/p>\n<ul>\n<li>Juan Jos\u00e9 Serrano-P\u00e9rez, Conference<br \/>\n<strong>Title<\/strong>:&#8221;Phototherapy with Furocoumarins: A Quantum-Chemical Study&#8221;<\/li>\n<\/ul>\n<\/li>\n<\/ul>\n","protected":false},"excerpt":{"rendered":"<p>List of QCEXVAL contributions in 2010 Congress: &#8220;8th european Conference on Computational Chemistry: Satellite meeting to 3rd EuChemMS cChemistry Congress in Nurnberg&#8221; 25-28 August 2010, Lund, Sweden. Webpage Participants: Luis Serrano-Andr\u00e9s, Conference Title:&#8221;Photochemistry and Quantum Chemistry: the New Frontiers&#8221; Angelo Giussani, Israel Gonz\u00e1lez-Ram\u00edrez, Teresa Climent, Manuela Merch\u00e1n and Luis Serrano-Andr\u00e9s, Poster Title:&#8221;The photochemistry of DNA: Photoexcited DNA base pair and bipyrimidine lesions&#8221; Congress: &#8220;10th European Conference on Atoms, Molecules and Photons&#8221; Palacio de Congresos de Salamanca, 4th-9th July, 2010 Webpage Participants: Luis Serrano-Andr\u00e9s, Conference Title:&#8221;Photophysics of molecules of biological interest&#8221; Congress: &#8220;ESPA 2010 Electronic Structure: Principles and Applications&#8221; Universitad de Oviedo, Oviedo, SPAIN, 29th Juny-2nd July, 2010 Contributions: I. Gonz\u00e1lez-Ram\u00edrez,<\/p>\n<div class=\"wst-more-wrap\"><a class=\"more-link\" href=\"http:\/\/qcexval.uv.es\/?page_id=147\"><span>Read More<\/span><\/a><\/div>\n<p> <a class=\"more-link\" href=\"http:\/\/qcexval.uv.es\/?page_id=147\">Read more<\/a><\/p>\n","protected":false},"author":1,"featured_media":0,"parent":131,"menu_order":0,"comment_status":"closed","ping_status":"closed","template":"","meta":{"footnotes":""},"yoast_head":"<!-- This site is optimized with the Yoast SEO plugin v21.8 - https:\/\/yoast.com\/wordpress\/plugins\/seo\/ -->\n<title>2010 - QCEXVAL<\/title>\n<meta name=\"robots\" content=\"index, follow, max-snippet:-1, max-image-preview:large, max-video-preview:-1\" \/>\n<link rel=\"canonical\" href=\"http:\/\/qcexval.uv.es\/?page_id=147\" \/>\n<meta property=\"og:locale\" content=\"en_US\" \/>\n<meta property=\"og:type\" content=\"article\" \/>\n<meta property=\"og:title\" content=\"2010 - QCEXVAL\" \/>\n<meta property=\"og:description\" content=\"List of QCEXVAL contributions in 2010 Congress: &#8220;8th european Conference on Computational Chemistry: Satellite meeting to 3rd EuChemMS cChemistry Congress in Nurnberg&#8221; 25-28 August 2010, Lund, Sweden. Webpage Participants: Luis Serrano-Andr\u00e9s, Conference Title:&#8221;Photochemistry and Quantum Chemistry: the New Frontiers&#8221; Angelo Giussani, Israel Gonz\u00e1lez-Ram\u00edrez, Teresa Climent, Manuela Merch\u00e1n and Luis Serrano-Andr\u00e9s, Poster Title:&#8221;The photochemistry of DNA: Photoexcited DNA base pair and bipyrimidine lesions&#8221; Congress: &#8220;10th European Conference on Atoms, Molecules and Photons&#8221; Palacio de Congresos de Salamanca, 4th-9th July, 2010 Webpage Participants: Luis Serrano-Andr\u00e9s, Conference Title:&#8221;Photophysics of molecules of biological interest&#8221; Congress: &#8220;ESPA 2010 Electronic Structure: Principles and Applications&#8221; Universitad de Oviedo, Oviedo, SPAIN, 29th Juny-2nd July, 2010 Contributions: I. Gonz\u00e1lez-Ram\u00edrez,Read More\" \/>\n<meta property=\"og:url\" content=\"http:\/\/qcexval.uv.es\/?page_id=147\" \/>\n<meta property=\"og:site_name\" content=\"QCEXVAL\" \/>\n<meta property=\"article:modified_time\" content=\"2021-04-19T17:25:21+00:00\" \/>\n<meta name=\"twitter:card\" content=\"summary_large_image\" \/>\n<meta name=\"twitter:site\" content=\"@qcexval\" \/>\n<meta name=\"twitter:label1\" content=\"Est. reading time\" \/>\n\t<meta name=\"twitter:data1\" content=\"2 minutes\" \/>\n<script type=\"application\/ld+json\" class=\"yoast-schema-graph\">{\"@context\":\"https:\/\/schema.org\",\"@graph\":[{\"@type\":\"WebPage\",\"@id\":\"http:\/\/qcexval.uv.es\/?page_id=147\",\"url\":\"http:\/\/qcexval.uv.es\/?page_id=147\",\"name\":\"2010 - QCEXVAL\",\"isPartOf\":{\"@id\":\"http:\/\/qcexval.uv.es\/#website\"},\"datePublished\":\"2016-09-26T16:25:12+00:00\",\"dateModified\":\"2021-04-19T17:25:21+00:00\",\"breadcrumb\":{\"@id\":\"http:\/\/qcexval.uv.es\/?page_id=147#breadcrumb\"},\"inLanguage\":\"en-US\",\"potentialAction\":[{\"@type\":\"ReadAction\",\"target\":[\"http:\/\/qcexval.uv.es\/?page_id=147\"]}]},{\"@type\":\"BreadcrumbList\",\"@id\":\"http:\/\/qcexval.uv.es\/?page_id=147#breadcrumb\",\"itemListElement\":[{\"@type\":\"ListItem\",\"position\":1,\"name\":\"Home\",\"item\":\"http:\/\/qcexval.uv.es\/\"},{\"@type\":\"ListItem\",\"position\":2,\"name\":\"Conferences and courses\",\"item\":\"http:\/\/qcexval.uv.es\/?page_id=131\"},{\"@type\":\"ListItem\",\"position\":3,\"name\":\"2010\"}]},{\"@type\":\"WebSite\",\"@id\":\"http:\/\/qcexval.uv.es\/#website\",\"url\":\"http:\/\/qcexval.uv.es\/\",\"name\":\"QCEXVAL\",\"description\":\"The Excited State Quantum Chemistry Group\",\"publisher\":{\"@id\":\"http:\/\/qcexval.uv.es\/#organization\"},\"potentialAction\":[{\"@type\":\"SearchAction\",\"target\":{\"@type\":\"EntryPoint\",\"urlTemplate\":\"http:\/\/qcexval.uv.es\/?s={search_term_string}\"},\"query-input\":\"required name=search_term_string\"}],\"inLanguage\":\"en-US\"},{\"@type\":\"Organization\",\"@id\":\"http:\/\/qcexval.uv.es\/#organization\",\"name\":\"QCEXVAL\",\"url\":\"http:\/\/qcexval.uv.es\/\",\"logo\":{\"@type\":\"ImageObject\",\"inLanguage\":\"en-US\",\"@id\":\"http:\/\/qcexval.uv.es\/#\/schema\/logo\/image\/\",\"url\":\"http:\/\/qcexval.uv.es\/wp-content\/uploads\/2021\/03\/cropped-Logo4.3-1.jpg\",\"contentUrl\":\"http:\/\/qcexval.uv.es\/wp-content\/uploads\/2021\/03\/cropped-Logo4.3-1.jpg\",\"width\":512,\"height\":512,\"caption\":\"QCEXVAL\"},\"image\":{\"@id\":\"http:\/\/qcexval.uv.es\/#\/schema\/logo\/image\/\"},\"sameAs\":[\"https:\/\/twitter.com\/qcexval\"]}]}<\/script>\n<!-- \/ Yoast SEO plugin. -->","yoast_head_json":{"title":"2010 - QCEXVAL","robots":{"index":"index","follow":"follow","max-snippet":"max-snippet:-1","max-image-preview":"max-image-preview:large","max-video-preview":"max-video-preview:-1"},"canonical":"http:\/\/qcexval.uv.es\/?page_id=147","og_locale":"en_US","og_type":"article","og_title":"2010 - QCEXVAL","og_description":"List of QCEXVAL contributions in 2010 Congress: &#8220;8th european Conference on Computational Chemistry: Satellite meeting to 3rd EuChemMS cChemistry Congress in Nurnberg&#8221; 25-28 August 2010, Lund, Sweden. Webpage Participants: Luis Serrano-Andr\u00e9s, Conference Title:&#8221;Photochemistry and Quantum Chemistry: the New Frontiers&#8221; Angelo Giussani, Israel Gonz\u00e1lez-Ram\u00edrez, Teresa Climent, Manuela Merch\u00e1n and Luis Serrano-Andr\u00e9s, Poster Title:&#8221;The photochemistry of DNA: Photoexcited DNA base pair and bipyrimidine lesions&#8221; Congress: &#8220;10th European Conference on Atoms, Molecules and Photons&#8221; Palacio de Congresos de Salamanca, 4th-9th July, 2010 Webpage Participants: Luis Serrano-Andr\u00e9s, Conference Title:&#8221;Photophysics of molecules of biological interest&#8221; Congress: &#8220;ESPA 2010 Electronic Structure: Principles and Applications&#8221; Universitad de Oviedo, Oviedo, SPAIN, 29th Juny-2nd July, 2010 Contributions: I. Gonz\u00e1lez-Ram\u00edrez,Read More","og_url":"http:\/\/qcexval.uv.es\/?page_id=147","og_site_name":"QCEXVAL","article_modified_time":"2021-04-19T17:25:21+00:00","twitter_card":"summary_large_image","twitter_site":"@qcexval","twitter_misc":{"Est. reading time":"2 minutes"},"schema":{"@context":"https:\/\/schema.org","@graph":[{"@type":"WebPage","@id":"http:\/\/qcexval.uv.es\/?page_id=147","url":"http:\/\/qcexval.uv.es\/?page_id=147","name":"2010 - QCEXVAL","isPartOf":{"@id":"http:\/\/qcexval.uv.es\/#website"},"datePublished":"2016-09-26T16:25:12+00:00","dateModified":"2021-04-19T17:25:21+00:00","breadcrumb":{"@id":"http:\/\/qcexval.uv.es\/?page_id=147#breadcrumb"},"inLanguage":"en-US","potentialAction":[{"@type":"ReadAction","target":["http:\/\/qcexval.uv.es\/?page_id=147"]}]},{"@type":"BreadcrumbList","@id":"http:\/\/qcexval.uv.es\/?page_id=147#breadcrumb","itemListElement":[{"@type":"ListItem","position":1,"name":"Home","item":"http:\/\/qcexval.uv.es\/"},{"@type":"ListItem","position":2,"name":"Conferences and courses","item":"http:\/\/qcexval.uv.es\/?page_id=131"},{"@type":"ListItem","position":3,"name":"2010"}]},{"@type":"WebSite","@id":"http:\/\/qcexval.uv.es\/#website","url":"http:\/\/qcexval.uv.es\/","name":"QCEXVAL","description":"The Excited State Quantum Chemistry Group","publisher":{"@id":"http:\/\/qcexval.uv.es\/#organization"},"potentialAction":[{"@type":"SearchAction","target":{"@type":"EntryPoint","urlTemplate":"http:\/\/qcexval.uv.es\/?s={search_term_string}"},"query-input":"required name=search_term_string"}],"inLanguage":"en-US"},{"@type":"Organization","@id":"http:\/\/qcexval.uv.es\/#organization","name":"QCEXVAL","url":"http:\/\/qcexval.uv.es\/","logo":{"@type":"ImageObject","inLanguage":"en-US","@id":"http:\/\/qcexval.uv.es\/#\/schema\/logo\/image\/","url":"http:\/\/qcexval.uv.es\/wp-content\/uploads\/2021\/03\/cropped-Logo4.3-1.jpg","contentUrl":"http:\/\/qcexval.uv.es\/wp-content\/uploads\/2021\/03\/cropped-Logo4.3-1.jpg","width":512,"height":512,"caption":"QCEXVAL"},"image":{"@id":"http:\/\/qcexval.uv.es\/#\/schema\/logo\/image\/"},"sameAs":["https:\/\/twitter.com\/qcexval"]}]}},"_links":{"self":[{"href":"http:\/\/qcexval.uv.es\/index.php?rest_route=\/wp\/v2\/pages\/147"}],"collection":[{"href":"http:\/\/qcexval.uv.es\/index.php?rest_route=\/wp\/v2\/pages"}],"about":[{"href":"http:\/\/qcexval.uv.es\/index.php?rest_route=\/wp\/v2\/types\/page"}],"author":[{"embeddable":true,"href":"http:\/\/qcexval.uv.es\/index.php?rest_route=\/wp\/v2\/users\/1"}],"replies":[{"embeddable":true,"href":"http:\/\/qcexval.uv.es\/index.php?rest_route=%2Fwp%2Fv2%2Fcomments&post=147"}],"version-history":[{"count":2,"href":"http:\/\/qcexval.uv.es\/index.php?rest_route=\/wp\/v2\/pages\/147\/revisions"}],"predecessor-version":[{"id":1306,"href":"http:\/\/qcexval.uv.es\/index.php?rest_route=\/wp\/v2\/pages\/147\/revisions\/1306"}],"up":[{"embeddable":true,"href":"http:\/\/qcexval.uv.es\/index.php?rest_route=\/wp\/v2\/pages\/131"}],"wp:attachment":[{"href":"http:\/\/qcexval.uv.es\/index.php?rest_route=%2Fwp%2Fv2%2Fmedia&parent=147"}],"curies":[{"name":"wp","href":"https:\/\/api.w.org\/{rel}","templated":true}]}}